{"id":1034,"date":"2020-05-29T15:15:20","date_gmt":"2020-05-29T15:15:20","guid":{"rendered":"https:\/\/teenstreet.life\/eu\/?page_id=1034"},"modified":"2025-05-23T16:08:39","modified_gmt":"2025-05-23T14:08:39","slug":"imprimir","status":"publish","type":"page","link":"https:\/\/teenstreet.life\/eu\/pt\/imprint\/","title":{"rendered":"Imprimir"},"content":{"rendered":"<div data-elementor-type=\"wp-page\" data-elementor-id=\"1034\" class=\"elementor elementor-1034\" data-elementor-post-type=\"page\">\n\t\t\t\t\t\t<section class=\"elementor-section elementor-top-section elementor-element elementor-element-51f46195 elementor-section-boxed elementor-section-height-default elementor-section-height-default\" data-id=\"51f46195\" data-element_type=\"section\" data-e-type=\"section\">\n\t\t\t\t\t\t<div class=\"elementor-container elementor-column-gap-default\">\n\t\t\t\t\t<div class=\"elementor-column elementor-col-100 elementor-top-column elementor-element elementor-element-4a8aaae4\" data-id=\"4a8aaae4\" data-element_type=\"column\" data-e-type=\"column\">\n\t\t\t<div class=\"elementor-widget-wrap elementor-element-populated\">\n\t\t\t\t\t\t<div class=\"elementor-element elementor-element-6efcf38 elementor-widget elementor-widget-text-editor\" data-id=\"6efcf38\" data-element_type=\"widget\" data-e-type=\"widget\" data-widget_type=\"text-editor.default\">\n\t\t\t\t<div class=\"elementor-widget-container\">\n\t\t\t\t\t\t\t\t\t\n<p>OM Alemanha \/ Mobiliza\u00e7\u00e3o da Opera\u00e7\u00e3o e. V. <br \/>Alte Neckarelzer Str. 2 <br \/>74821 Mosbach\/Alemanha<\/p>\n\n<p>Telefone: +49 6261 947-0 <br \/>Fax: +49 6261 947-147 <br \/>o email: <a href=\"mailto:info.de@om.org\">info.de@om.org<\/a><\/p>\n\n<h2 class=\"wp-block-heading\">Comit\u00ea executivo com poder conjunto de representa\u00e7\u00e3o no sentido do BGB \u00a7 26:<\/h2>\n\n<p>Simone Schwab (Presidente)<\/p>\n\n<p>Endere\u00e7o ver acima.<\/p>\n\n<h2 class=\"wp-block-heading\">Tribunal de registro:<\/h2>\n\n<p>Mannheim<\/p>\n\n<h2 class=\"wp-block-heading\">N\u00famero de registro:<\/h2>\n\n<p>VR 440471<\/p>\n\n<h2 class=\"wp-block-heading\">N\u00famero de identifica\u00e7\u00e3o fiscal de vendas de acordo com o \u00a7 27a:<\/h2>\n\n<p>DE 144031730<\/p>\n\n<h2 class=\"wp-block-heading\">Respons\u00e1vel pelo conte\u00fado de acordo com o \u00a7 6 MDStV:<\/h2>\n\n<p>Tobias Kuebler<\/p>\n\n<p>Endere\u00e7o ver acima.<\/p>\n\n<h2 class=\"wp-block-heading\">N<strong>otas:<\/strong><\/h2>\n\n<p>Apesar do controle cuidadoso do conte\u00fado, n\u00e3o assumimos qualquer responsabilidade pelo conte\u00fado dos links externos. Os operadores das p\u00e1ginas vinculadas s\u00e3o os \u00fanicos respons\u00e1veis pelo conte\u00fado de suas p\u00e1ginas.<\/p>\n\n<p>Todas as imagens, gr\u00e1ficos e o design mostrados neste site s\u00e3o protegidos por direitos autorais e n\u00e3o podem ser usados sem permiss\u00e3o por escrito do autor.<\/p>\n\n<p>O Regulamento da UE n.\u00ba 524\/2013 sobre Resolu\u00e7\u00e3o de Lit\u00edgios Online (ODR) ser\u00e1 aplic\u00e1vel a partir de 9 de janeiro de 2016. A plataforma da Comiss\u00e3o Europeia para Resolu\u00e7\u00e3o de Lit\u00edgios Online pode ser acedida atrav\u00e9s do seguinte link: ec.europa.eu\/consumers\/odr\/ De acordo com a informa\u00e7\u00e3o a\u00ed publicada, a plataforma pode ser utilizada de acordo com o ODR a partir de 15 de fevereiro de 2016.<\/p>\n\n<p>Mobiliza\u00e7\u00e3o da Opera\u00e7\u00e3o e. V. \u00e9, de acordo com a \u00faltima apura\u00e7\u00e3o de imposto de renda de pessoa jur\u00eddica que recebemos em 09.01.2020, StNr. 40004\/04959, isento de imposto de renda pessoa jur\u00eddica pela reparti\u00e7\u00e3o de finan\u00e7as de Mosbach devido \u00e0 promo\u00e7\u00e3o de fins religiosos de acordo com o \u00a7 5\u00ba Par\u00e1. 1 n.\u00ba 9 da Lei do Imposto sobre o Rendimento das Pessoas Colectivas e do imposto comercial de acordo com o \u00a7 3 n.\u00ba 6 da Lei do Imposto sobre o Com\u00e9rcio. A associa\u00e7\u00e3o n\u00e3o cobra taxas de ades\u00e3o.<\/p>\n\t\t\t\t\t\t\t\t<\/div>\n\t\t\t\t<\/div>\n\t\t\t\t\t<\/div>\n\t\t<\/div>\n\t\t\t\t\t<\/div>\n\t\t<\/section>\n\t\t\t\t<\/div>","protected":false},"excerpt":{"rendered":"<p>OM Germany \/ Operation Mobilisation e. V. Alte Neckarelzer Str. 2 74821 Mosbach\/Germany Phone: +49 6261 947-0 Fax: +49 6261 947-147 e-mail: info.de@om.org Executive committee with joint power of representation in the sense of BGB \u00a7 26: Simone Schwab (Chairwoman) Address see above. Registry court: Mannheim Register number: VR 440471 Sales tax identification number according [&hellip;]<\/p>\n","protected":false},"author":1,"featured_media":0,"parent":0,"menu_order":0,"comment_status":"closed","ping_status":"closed","template":"","meta":{"iawp_total_views":7,"footnotes":""},"class_list":["post-1034","page","type-page","status-publish","hentry"],"_links":{"self":[{"href":"https:\/\/teenstreet.life\/eu\/pt\/wp-json\/wp\/v2\/pages\/1034","targetHints":{"allow":["GET"]}}],"collection":[{"href":"https:\/\/teenstreet.life\/eu\/pt\/wp-json\/wp\/v2\/pages"}],"about":[{"href":"https:\/\/teenstreet.life\/eu\/pt\/wp-json\/wp\/v2\/types\/page"}],"author":[{"embeddable":true,"href":"https:\/\/teenstreet.life\/eu\/pt\/wp-json\/wp\/v2\/users\/1"}],"replies":[{"embeddable":true,"href":"https:\/\/teenstreet.life\/eu\/pt\/wp-json\/wp\/v2\/comments?post=1034"}],"version-history":[{"count":5,"href":"https:\/\/teenstreet.life\/eu\/pt\/wp-json\/wp\/v2\/pages\/1034\/revisions"}],"predecessor-version":[{"id":8329,"href":"https:\/\/teenstreet.life\/eu\/pt\/wp-json\/wp\/v2\/pages\/1034\/revisions\/8329"}],"wp:attachment":[{"href":"https:\/\/teenstreet.life\/eu\/pt\/wp-json\/wp\/v2\/media?parent=1034"}],"curies":[{"name":"wp","href":"https:\/\/api.w.org\/{rel}","templated":true}]}}

<div data-elementor-type="wp-page" data-elementor-id="1034" class="elementor elementor-1034" data-elementor-post-type="page">
						<section class="elementor-section elementor-top-section elementor-element elementor-element-51f46195 elementor-section-boxed elementor-section-height-default elementor-section-height-default" data-id="51f46195" data-element_type="section" data-e-type="section">
						<div class="elementor-container elementor-column-gap-default">
					<div class="elementor-column elementor-col-100 elementor-top-column elementor-element elementor-element-4a8aaae4" data-id="4a8aaae4" data-element_type="column" data-e-type="column">
			<div class="elementor-widget-wrap elementor-element-populated">
						<div class="elementor-element elementor-element-6efcf38 elementor-widget elementor-widget-text-editor" data-id="6efcf38" data-element_type="widget" data-e-type="widget" data-widget_type="text-editor.default">
				<div class="elementor-widget-container">
									
<p>OM Alemanha / Mobilização da Operação e. V. <br />Alte Neckarelzer Str. 2 <br />74821 Mosbach/Alemanha</p>

<p>Telefone: +49 6261 947-0 <br />Fax: +49 6261 947-147 <br />o email: <a href="mailto:info.de@om.org">info.de@om.org</a></p>

<h2 class="wp-block-heading">Comitê executivo com poder conjunto de representação no sentido do BGB § 26:</h2>

<p>Simone Schwab (Presidente)</p>

<p>Endereço ver acima.</p>

<h2 class="wp-block-heading">Tribunal de registro:</h2>

<p>Mannheim</p>

<h2 class="wp-block-heading">Número de registro:</h2>

<p>VR 440471</p>

<h2 class="wp-block-heading">Número de identificação fiscal de vendas de acordo com o § 27a:</h2>

<p>DE 144031730</p>

<h2 class="wp-block-heading">Responsável pelo conteúdo de acordo com o § 6 MDStV:</h2>

<p>Tobias Kuebler</p>

<p>Endereço ver acima.</p>

<h2 class="wp-block-heading">N<strong>otas:</strong></h2>

<p>Apesar do controle cuidadoso do conteúdo, não assumimos qualquer responsabilidade pelo conteúdo dos links externos. Os operadores das páginas vinculadas são os únicos responsáveis pelo conteúdo de suas páginas.</p>

<p>Todas as imagens, gráficos e o design mostrados neste site são protegidos por direitos autorais e não podem ser usados sem permissão por escrito do autor.</p>

<p>O Regulamento da UE n.º 524/2013 sobre Resolução de Litígios Online (ODR) será aplicável a partir de 9 de janeiro de 2016. A plataforma da Comissão Europeia para Resolução de Litígios Online pode ser acedida através do seguinte link: ec.europa.eu/consumers/odr/ De acordo com a informação aí publicada, a plataforma pode ser utilizada de acordo com o ODR a partir de 15 de fevereiro de 2016.</p>

<p>Mobilização da Operação e. V. é, de acordo com a última apuração de imposto de renda de pessoa jurídica que recebemos em 09.01.2020, StNr. 40004/04959, isento de imposto de renda pessoa jurídica pela repartição de finanças de Mosbach devido à promoção de fins religiosos de acordo com o § 5º Pará. 1 n.º 9 da Lei do Imposto sobre o Rendimento das Pessoas Colectivas e do imposto comercial de acordo com o § 3 n.º 6 da Lei do Imposto sobre o Comércio. A associação não cobra taxas de adesão.</p>
								</div>
				</div>
					</div>
		</div>
					</div>
		</section>
				</div>
