{"id":1034,"date":"2020-05-29T15:15:20","date_gmt":"2020-05-29T15:15:20","guid":{"rendered":"https:\/\/teenstreet.life\/eu\/?page_id=1034"},"modified":"2025-05-23T16:08:39","modified_gmt":"2025-05-23T14:08:39","slug":"odcisk","status":"publish","type":"page","link":"https:\/\/teenstreet.life\/eu\/pl\/imprint\/","title":{"rendered":"Odcisk"},"content":{"rendered":"<div data-elementor-type=\"wp-page\" data-elementor-id=\"1034\" class=\"elementor elementor-1034\" data-elementor-post-type=\"page\">\n\t\t\t\t\t\t<section class=\"elementor-section elementor-top-section elementor-element elementor-element-51f46195 elementor-section-boxed elementor-section-height-default elementor-section-height-default\" data-id=\"51f46195\" data-element_type=\"section\" data-e-type=\"section\">\n\t\t\t\t\t\t<div class=\"elementor-container elementor-column-gap-default\">\n\t\t\t\t\t<div class=\"elementor-column elementor-col-100 elementor-top-column elementor-element elementor-element-4a8aaae4\" data-id=\"4a8aaae4\" data-element_type=\"column\" data-e-type=\"column\">\n\t\t\t<div class=\"elementor-widget-wrap elementor-element-populated\">\n\t\t\t\t\t\t<div class=\"elementor-element elementor-element-6efcf38 elementor-widget elementor-widget-text-editor\" data-id=\"6efcf38\" data-element_type=\"widget\" data-e-type=\"widget\" data-widget_type=\"text-editor.default\">\n\t\t\t\t<div class=\"elementor-widget-container\">\n\t\t\t\t\t\t\t\t\t\n<p>OM Niemcy \/ Operacja Mobilizacja mi. V. <br \/>Alte Neckarelzerstr. 2 <br \/>74821 Mosbach\/Niemcy<\/p>\n\n<p>Telefon: +49 6261 947-0 <br \/>Faks: +49 6261 947-147 <br \/>e-mail: <a href=\"mailto:info.de@om.org\">info.de@om.org<\/a><\/p>\n\n<h2 class=\"wp-block-heading\">Komitet wykonawczy ze wsp\u00f3ln\u0105 reprezentacj\u0105 w rozumieniu \u00a7 26 BGB:<\/h2>\n\n<p>Simone Schwab (przewodnicz\u0105ca)<\/p>\n\n<p>Adres patrz wy\u017cej.<\/p>\n\n<h2 class=\"wp-block-heading\">S\u0105d rejestrowy:<\/h2>\n\n<p>Mannheim<\/p>\n\n<h2 class=\"wp-block-heading\">Numer rejestracyjny:<\/h2>\n\n<p>VR 440471<\/p>\n\n<h2 class=\"wp-block-heading\">Numer identyfikacji podatkowej zgodnie z \u00a7 27a:<\/h2>\n\n<p>DE 144031730<\/p>\n\n<h2 class=\"wp-block-heading\">Odpowiedzialny za tre\u015b\u0107 zgodnie z \u00a7 6 MDStV:<\/h2>\n\n<p>Tobias Kuebler<\/p>\n\n<p>Adres patrz wy\u017cej.<\/p>\n\n<h2 class=\"wp-block-heading\">N<strong>uwagi:<\/strong><\/h2>\n\n<p>Mimo starannej kontroli tre\u015bci nie ponosimy \u017cadnej odpowiedzialno\u015bci za tre\u015b\u0107 zewn\u0119trznych link\u00f3w. Operatorzy stron, do kt\u00f3rych prowadz\u0105 linki, ponosz\u0105 wy\u0142\u0105czn\u0105 odpowiedzialno\u015b\u0107 za tre\u015b\u0107 swoich stron.<\/p>\n\n<p>Wszystkie zdj\u0119cia, grafiki i projekty prezentowane na tej stronie s\u0105 chronione prawem autorskim i nie mog\u0105 by\u0107 wykorzystywane bez pisemnej zgody autora.<\/p>\n\n<p>Rozporz\u0105dzenie UE nr 524\/2013 w sprawie internetowego rozstrzygania spor\u00f3w (ODR) b\u0119dzie obowi\u0105zywa\u0107 od 9 stycznia 2016 r. Platforma Komisji Europejskiej do internetowego rozstrzygania spor\u00f3w jest dost\u0119pna pod nast\u0119puj\u0105cym linkiem: ec.europa.eu\/consumers\/odr\/ z zamieszczonych tam informacji platforma mo\u017ce by\u0107 u\u017cywana zgodnie z ODR od 15 lutego 2016 r.<\/p>\n\n<p>Operacja Mobilizacja mi. V. jest, zgodnie z ostatni\u0105 ocen\u0105 podatku dochodowego od os\u00f3b prawnych otrzyman\u0105 w dniu 09.01.2020 r., StNr. 40004\/04959, zwolniony z podatku dochodowego od os\u00f3b prawnych przez urz\u0105d skarbowy Mosbach ze wzgl\u0119du na promowanie cel\u00f3w religijnych zgodnie z \u00a7 5 ust. 1 pkt 9 Ustawy o Podatku Dochodowym od Os\u00f3b Prawnych oraz z podatku od dzia\u0142alno\u015bci gospodarczej zgodnie z \u00a7 3 pkt 6 Ustawy o Podatku Handlowym. Stowarzyszenie nie pobiera op\u0142at cz\u0142onkowskich.<\/p>\n\t\t\t\t\t\t\t\t<\/div>\n\t\t\t\t<\/div>\n\t\t\t\t\t<\/div>\n\t\t<\/div>\n\t\t\t\t\t<\/div>\n\t\t<\/section>\n\t\t\t\t<\/div>","protected":false},"excerpt":{"rendered":"<p>OM Germany \/ Operation Mobilisation e. V. Alte Neckarelzer Str. 2 74821 Mosbach\/Germany Phone: +49 6261 947-0 Fax: +49 6261 947-147 e-mail: info.de@om.org Executive committee with joint power of representation in the sense of BGB \u00a7 26: Simone Schwab (Chairwoman) Address see above. Registry court: Mannheim Register number: VR 440471 Sales tax identification number according [&hellip;]<\/p>\n","protected":false},"author":1,"featured_media":0,"parent":0,"menu_order":0,"comment_status":"closed","ping_status":"closed","template":"","meta":{"iawp_total_views":7,"footnotes":""},"class_list":["post-1034","page","type-page","status-publish","hentry"],"_links":{"self":[{"href":"https:\/\/teenstreet.life\/eu\/pl\/wp-json\/wp\/v2\/pages\/1034","targetHints":{"allow":["GET"]}}],"collection":[{"href":"https:\/\/teenstreet.life\/eu\/pl\/wp-json\/wp\/v2\/pages"}],"about":[{"href":"https:\/\/teenstreet.life\/eu\/pl\/wp-json\/wp\/v2\/types\/page"}],"author":[{"embeddable":true,"href":"https:\/\/teenstreet.life\/eu\/pl\/wp-json\/wp\/v2\/users\/1"}],"replies":[{"embeddable":true,"href":"https:\/\/teenstreet.life\/eu\/pl\/wp-json\/wp\/v2\/comments?post=1034"}],"version-history":[{"count":5,"href":"https:\/\/teenstreet.life\/eu\/pl\/wp-json\/wp\/v2\/pages\/1034\/revisions"}],"predecessor-version":[{"id":8329,"href":"https:\/\/teenstreet.life\/eu\/pl\/wp-json\/wp\/v2\/pages\/1034\/revisions\/8329"}],"wp:attachment":[{"href":"https:\/\/teenstreet.life\/eu\/pl\/wp-json\/wp\/v2\/media?parent=1034"}],"curies":[{"name":"wp","href":"https:\/\/api.w.org\/{rel}","templated":true}]}}

<div data-elementor-type="wp-page" data-elementor-id="1034" class="elementor elementor-1034" data-elementor-post-type="page">
						<section class="elementor-section elementor-top-section elementor-element elementor-element-51f46195 elementor-section-boxed elementor-section-height-default elementor-section-height-default" data-id="51f46195" data-element_type="section" data-e-type="section">
						<div class="elementor-container elementor-column-gap-default">
					<div class="elementor-column elementor-col-100 elementor-top-column elementor-element elementor-element-4a8aaae4" data-id="4a8aaae4" data-element_type="column" data-e-type="column">
			<div class="elementor-widget-wrap elementor-element-populated">
						<div class="elementor-element elementor-element-6efcf38 elementor-widget elementor-widget-text-editor" data-id="6efcf38" data-element_type="widget" data-e-type="widget" data-widget_type="text-editor.default">
				<div class="elementor-widget-container">
									
<p>OM Niemcy / Operacja Mobilizacja mi. V. <br />Alte Neckarelzerstr. 2 <br />74821 Mosbach/Niemcy</p>

<p>Telefon: +49 6261 947-0 <br />Faks: +49 6261 947-147 <br />e-mail: <a href="mailto:info.de@om.org">info.de@om.org</a></p>

<h2 class="wp-block-heading">Komitet wykonawczy ze wspólną reprezentacją w rozumieniu § 26 BGB:</h2>

<p>Simone Schwab (przewodnicząca)</p>

<p>Adres patrz wyżej.</p>

<h2 class="wp-block-heading">Sąd rejestrowy:</h2>

<p>Mannheim</p>

<h2 class="wp-block-heading">Numer rejestracyjny:</h2>

<p>VR 440471</p>

<h2 class="wp-block-heading">Numer identyfikacji podatkowej zgodnie z § 27a:</h2>

<p>DE 144031730</p>

<h2 class="wp-block-heading">Odpowiedzialny za treść zgodnie z § 6 MDStV:</h2>

<p>Tobias Kuebler</p>

<p>Adres patrz wyżej.</p>

<h2 class="wp-block-heading">N<strong>uwagi:</strong></h2>

<p>Mimo starannej kontroli treści nie ponosimy żadnej odpowiedzialności za treść zewnętrznych linków. Operatorzy stron, do których prowadzą linki, ponoszą wyłączną odpowiedzialność za treść swoich stron.</p>

<p>Wszystkie zdjęcia, grafiki i projekty prezentowane na tej stronie są chronione prawem autorskim i nie mogą być wykorzystywane bez pisemnej zgody autora.</p>

<p>Rozporządzenie UE nr 524/2013 w sprawie internetowego rozstrzygania sporów (ODR) będzie obowiązywać od 9 stycznia 2016 r. Platforma Komisji Europejskiej do internetowego rozstrzygania sporów jest dostępna pod następującym linkiem: ec.europa.eu/consumers/odr/ z zamieszczonych tam informacji platforma może być używana zgodnie z ODR od 15 lutego 2016 r.</p>

<p>Operacja Mobilizacja mi. V. jest, zgodnie z ostatnią oceną podatku dochodowego od osób prawnych otrzymaną w dniu 09.01.2020 r., StNr. 40004/04959, zwolniony z podatku dochodowego od osób prawnych przez urząd skarbowy Mosbach ze względu na promowanie celów religijnych zgodnie z § 5 ust. 1 pkt 9 Ustawy o Podatku Dochodowym od Osób Prawnych oraz z podatku od działalności gospodarczej zgodnie z § 3 pkt 6 Ustawy o Podatku Handlowym. Stowarzyszenie nie pobiera opłat członkowskich.</p>
								</div>
				</div>
					</div>
		</div>
					</div>
		</section>
				</div>
